mon divisor of 44 and s?
4
Let d be 1167/18 - (-1)/6. Let b = d - 38. Calculate the greatest common factor of b and 9.
9
Let q be 1/(-5) + 729/45 + 3. What is the greatest common divisor of 779 and q?
19
Suppose s + s = -50. Let p = s + 31. What is the greatest common factor of p and 3?
3
Let a be -1 + 9*((-12)/9 + 2). Suppose 260 = -0*u + 4*u + 2*r, -3*u + a*r = -182. What is the greatest common factor of u and 8?
8
Let i(u) = -u**2 + 9*u + 4. Suppose 4*d - 13 = -5*p, -3*p + 4*d = d - 24. Let w be i(p). Suppose 4*m - 5*m = -6. What is the highest common divisor of w and m?
6
Let v(h) = -5*h - 22. Let z = -63 - -58. Let j be v(z). Calculate the greatest common factor of 3 and j.
3
Suppose j = -5*t + 847, 2*j = -1476*t + 1472*t + 686. Suppose 0 = -3*z + 33 + 30. Calculate the highest common divisor of t and z.
21
Suppose -5*z = -y + 20, -104 = -7*y + 3*y - 4*z. Let l = -42 + 52. What is the highest common factor of l and y?
5
Let r(n) = -n**3 + 25*n**2 + 87*n - 63. Let c be r(28). Calculate the greatest common factor of 336 and c.
21
Suppose -2*s = -38 - 16. What is the greatest common divisor of 1323 and s?
27
Let k = -18 - -30. Let d be 9/(-7) + 6/21. Let r be d/(-4) - ((-54)/(-24) + -4). What is the greatest common divisor of r and k?
2
Suppose 5 = -5*k - 0, 2*z - 6 = 2*k. Let r be z/(-3)*(-360)/(-5). Let f = 71 + r. What is the highest common divisor of 184 and f?
23
Let k be 1/(-16)*-4 - 195/(-20). Calculate the greatest common factor of 128 and k.
2
Let x be (-25 + 18)*(-1)/((-7)/(-30)). What is the greatest common factor of x and 2?
2
Let f(m) = -6*m + 32 + 24 + 9*m**2 - m**3 - 62. Let p be f(6). Calculate the greatest common divisor of p and 6.
6
Suppose 0 = -l + 103 - 38. Let a = 50 + -37. What is the highest common factor of l and a?
13
Let y(j) = -j**2 - 24*j - 20. Let g = -157 - -142. Let z be y(g). Calculate the greatest common divisor of 23 and z.
23
Let k(a) = 18*a**2 + a + 1. Let y be k(-4). What is the greatest common factor of 665 and y?
95
Suppose 2*v - 14 + 6 = 0. Suppose v*z - 72 = 3*z. Suppose 2 = 2*g, -x - x + 4*g + 32 = 0. Calculate the highest common divisor of x and z.
18
Let q(k) = -11*k**2 - 193*k - 26. Let m be q(-17). What is the greatest common divisor of m and 12?
4
Suppose -124 - 101 = -15*a. Suppose -5*j + d + d + 75 = 0, j = d + 15. What is the greatest common factor of a and j?
15
Suppose -5*u + m = 3*m + 3, -3*m = -2*u + 14. Let y be u/1 + 9/1. Let o be 16/6*-45*(-2)/3. What is the highest common divisor of y and o?
10
Suppose -i - 2 = 14*h - 15*h, 2*h + 5 = 5*i. Calculate the greatest common factor of h and 320.
5
Let q be (-10 + 160)/2 + (0 - 3). Suppose -5 = -5*n - 0. Let w be (n - (2 + 0))*-8. What is the highest common divisor of q and w?
8
Let l be (-2)/(3 + (-452)/148). Suppose 148 = 2*j - 3*a, 2*j - 148 = -4*a - a. Calculate the greatest common divisor of l and j.
37
Suppose 0 = 6*f - 3*f - 54. Let m = f + 1. Calculate the highest common factor of 38 and m.
19
Suppose 0 = 2*r - 4*t + 2, r + t + 5 = 5*t. Suppose 6*f - 24 = r*f. What is the greatest common divisor of f and 8?
8
Let u(h) = -h**2 + h - 491. Let o be u(0). Suppose -4*a + 4*l = 1104, l = -4*a - 4*l - 1149. Let p = a - o. What is the greatest common divisor of 30 and p?
30
Let g be 93 - (-3 - (2 + -4)). Let q = g - 46. What is the highest common divisor of 16 and q?
16
Suppose -40*g - 2686 = -74*g. Calculate the greatest common factor of 1027 and g.
79
Let a be (37 - 38)*98/(-1). What is the highest common divisor of 21 and a?
7
Let u(c) = 41*c**2 + 3*c + 2. Let y be u(-1). Calculate the greatest common factor of 24 and y.
8
Let p(u) = 6*u - 8. Let n(g) = g**3 + 5*g**2 - 7*g + 2. Let j be n(-6). Let c be p(j). Calculate the greatest common factor of 10 and c.
10
Let n be ((-1)/2)/((-5)/(-180)). Let z = 32 + n. Let g = -1110 - -1264. What is the highest common divisor of z and g?
14
Let v(x) = -14*x + 131. Let u be v(7). Calculate the highest common factor of u and 3.
3
Let j be 6 - (-6 + 14 - 173). Calculate the highest common divisor of j and 456.
57
Let u(q) = 38*q - 453. Let p be u(12). Calculate the greatest common divisor of 303 and p.
3
Let c(p) = -p**2 - 13*p - 34. Let j be c(-4). Suppose -j*t - 138 = -3*t + 3*v, 0 = -2*t - 3*v + 258. Calculate the greatest common divisor of t and 33.
33
Suppose 0 = 4*b + 3*w - 783, 1 = 3*w - 2. Suppose -t + 86 - 8 = 0. What is the highest common divisor of b and t?
39
Let j be (-6)/(-12)*(4 + 2). Suppose 2*b = 3*x - 29, -j*x + 4*b = -0*x - 31. What is the greatest common factor of 6 and x?
3
Suppose 14*b = 7*b - 83720. Let i be 8/68 - 0 - b/68. What is the greatest common factor of i and 11?
11
Let v(o) = o**3 - 21*o**2 - 20*o - 2. Let d be v(22). Let x be (-86)/(-6) - (-2)/(-6). What is the greatest common factor of d and x?
14
Let u be (-156)/(-8)*1/(-1)*2. Let t be -10*(u/6 - -4). What is the highest common factor of 125 and t?
25
Suppose -3*b + 16 + 1361 = -2*o, 918 = 2*b - 2*o. Let t(z) = -63*z - 12. Let f be t(-1). What is the highest common divisor of f and b?
51
Let q be ((-4)/14)/(5/(-70)). What is the highest common divisor of 156 and q?
4
Suppose 0 = 2*t + o - 65, -40 = 4*t - 5*t + 2*o. Let x be 81/(-2)*(-148)/111 + -3. Calculate the greatest common divisor of t and x.
17
Suppose 287 = 5*g - 198. Suppose -3*k + g = -233. Suppose -f - s + 14 = 3*s, -4*f - s + 41 = 0. What is the highest common factor of f and k?
10
Let t = -28 + 33. Suppose -3*o - 21 = -5*s, 2*o + 3 = -2*s + t. Calculate the highest common divisor of 9 and s.
3
Let x(r) = r**2 - 9*r + 17. Let t be x(8). Let l(a) = 6*a - 22. Let z be l(t). Calculate the greatest common divisor of z and 8.
8
Suppose -4*q - 20 = o + 51, 0 = o + 2*q + 61. Let x = 14 - o. Suppose -5*g = 4*h - 367, 2*h + 3*h - x = -g. Calculate the greatest common factor of 50 and g.
25
Let m(a) = a**2 - a - 20. Let f = 0 + 6. Let h be m(f). What is the greatest common factor of 50 and h?
10
Suppose -112*c = -110*c - 40. Calculate the highest common factor of 4 and c.
4
Let i = 92 - -10. What is the greatest common divisor of 17 and i?
17
Let l(h) = -49*h**3 + 4*h**2 - h - 2. Let q be l(-3). Suppose -4*j + q = 12*j. Calculate the highest common divisor of j and 34.
17
Let p = 41 + -23. Suppose 0 = c + 2*y + 134, c + 4*y - 476 = 5*c. Let i be c/(-7) + (-4)/(-14). What is the highest common factor of p and i?
18
Suppose 2*s = q - 81 - 29, 0 = q + 2*s - 106. Let k(i) = -i**3 + 8*i**2 - 8*i + 3. Let x be k(6). Calculate the greatest common factor of q and x.
27
Suppose 98 + 107 = f + 5*q, -843 = -4*f + 3*q. Calculate the highest common divisor of 120 and f.
30
Suppose -5*i + s = -1197, -4*i + 5*s + 648 = -297. Calculate the highest common factor of 10 and i.
10
Let b be 3 - ((-6)/(-2) + -3). Suppose 3*q - 3*y - 567 = 0, 4*q - 892 + 136 = -b*y. Calculate the highest common factor of 27 and q.
27
Suppose 0*v = -5*v + 35. Suppose 4*s - v*s + 9 = 0. Let w be s/(-3) - (-19 + -2). Calculate the highest common divisor of 4 and w.
4
Suppose 4*n = -4, -7*n + 4*n = 2*x - 57. Let u = 8 - 8. Suppose 3*l - 18 - 42 = u. What is the highest common factor of x and l?
10
Let w be (-93)/(-12) - 5/(-20). Suppose 65 = w*i - 143. What is the highest common factor of i and 234?
26
Let i be (-4 - (-1053)/15) + 3/(-15). What is the greatest common divisor of 374 and i?
22
Suppose -14 = -2*g + 6. Let o(f) = 2*f**3 + 25*f**2 + 13*f + 22. Suppose 24 = -i - i. Let y be o(i). Calculate the highest common divisor of g and y.
10
Let u = -8 - -4. Let h be (-21)/(-4) - u/(-16). Suppose 3*b = g - 3*g + 50, 77 = h*b - 3*g. Calculate the highest common factor of 128 and b.
16
Suppose -4*l + 40 = 4*c, 2*l - 24 = 4*c + 26. Suppose 20 = -4*t - 0*t. Let x = 8 + t. What is the highest common factor of x and l?
3
Let y(g) = -g - 13. Let w be y(-13). Suppose -2*j + 5*s + 0*s - 4 = 0, 4*s - 8 = w. Suppose 5*d - j*d = 38. Calculate the highest common factor of d and 95.
19
Let b be (-4 + 1)/(15/(-20)). Calculate the greatest common factor of 772 and b.
4
Let o = 34 - -44. Suppose 2*i - 3*r + 7*r = 124, 2*r = 10. What is the greatest common divisor of o and i?
26
Suppose 0 = -10*w + 11*w - 5. Suppose 2*d - 2*j = 46, w*d - 2*d - 4*j = 64. Calculate the greatest common factor of d and 21.
7
Let k(i) = 5*i - 